{"id":7809,"date":"2025-02-07T17:54:02","date_gmt":"2025-02-07T16:54:02","guid":{"rendered":"https:\/\/lfs.cz\/?post_type=studovna&#038;p=7809"},"modified":"2025-02-07T17:54:03","modified_gmt":"2025-02-07T16:54:03","slug":"hlas-nemych-filmu-beseda-s-bensim-icirem-kataokou","status":"publish","type":"studovna","link":"https:\/\/lfs.cz\/en\/studovna\/hlas-nemych-filmu-beseda-s-bensim-icirem-kataokou\/","title":{"rendered":"Hlas n\u011bm\u00fdch film\u016f: Beseda s ben\u0161im I\u010direm Kataokou"},"content":{"rendered":"","protected":false},"featured_media":7605,"template":"","jazyk":[48],"typ-programu":[45],"rocnik":[15],"class_list":["post-7809","studovna","type-studovna","status-publish","has-post-thumbnail","hentry","jazyk-cesky","typ-programu-prednaska","rocnik-15"],"_links":{"self":[{"href":"https:\/\/lfs.cz\/en\/wp-json\/wp\/v2\/studovna\/7809","targetHints":{"allow":["GET"]}}],"collection":[{"href":"https:\/\/lfs.cz\/en\/wp-json\/wp\/v2\/studovna"}],"about":[{"href":"https:\/\/lfs.cz\/en\/wp-json\/wp\/v2\/types\/studovna"}],"wp:featuredmedia":[{"embeddable":true,"href":"https:\/\/lfs.cz\/en\/wp-json\/wp\/v2\/media\/7605"}],"wp:attachment":[{"href":"https:\/\/lfs.cz\/en\/wp-json\/wp\/v2\/media?parent=7809"}],"wp:term":[{"taxonomy":"jazyk","embeddable":true,"href":"https:\/\/lfs.cz\/en\/wp-json\/wp\/v2\/jazyk?post=7809"},{"taxonomy":"typ-programu","embeddable":true,"href":"https:\/\/lfs.cz\/en\/wp-json\/wp\/v2\/typ-programu?post=7809"},{"taxonomy":"rocnik","embeddable":true,"href":"https:\/\/lfs.cz\/en\/wp-json\/wp\/v2\/rocnik?post=7809"}],"curies":[{"name":"wp","href":"https:\/\/api.w.org\/{rel}","templated":true}]}}

Hlas němých filmů: Beseda s benšim Ičirem Kataokou
