{"id":7647,"date":"2025-02-06T17:28:43","date_gmt":"2025-02-06T16:28:43","guid":{"rendered":"https:\/\/lfs.cz\/?post_type=studovna&#038;p=7647"},"modified":"2025-02-06T17:28:44","modified_gmt":"2025-02-06T16:28:44","slug":"jan-jendrejek-karel-reisz-cech-v-zahranici","status":"publish","type":"studovna","link":"https:\/\/lfs.cz\/en\/studovna\/jan-jendrejek-karel-reisz-cech-v-zahranici\/","title":{"rendered":"Jan Jend\u0159ejek: Karel Reisz \u2013 \u010cech v zahrani\u010d\u00ed?"},"content":{"rendered":"","protected":false},"featured_media":7569,"template":"","jazyk":[48],"typ-programu":[45],"rocnik":[37],"class_list":["post-7647","studovna","type-studovna","status-publish","has-post-thumbnail","hentry","jazyk-cesky","typ-programu-prednaska","rocnik-37"],"_links":{"self":[{"href":"https:\/\/lfs.cz\/en\/wp-json\/wp\/v2\/studovna\/7647","targetHints":{"allow":["GET"]}}],"collection":[{"href":"https:\/\/lfs.cz\/en\/wp-json\/wp\/v2\/studovna"}],"about":[{"href":"https:\/\/lfs.cz\/en\/wp-json\/wp\/v2\/types\/studovna"}],"wp:featuredmedia":[{"embeddable":true,"href":"https:\/\/lfs.cz\/en\/wp-json\/wp\/v2\/media\/7569"}],"wp:attachment":[{"href":"https:\/\/lfs.cz\/en\/wp-json\/wp\/v2\/media?parent=7647"}],"wp:term":[{"taxonomy":"jazyk","embeddable":true,"href":"https:\/\/lfs.cz\/en\/wp-json\/wp\/v2\/jazyk?post=7647"},{"taxonomy":"typ-programu","embeddable":true,"href":"https:\/\/lfs.cz\/en\/wp-json\/wp\/v2\/typ-programu?post=7647"},{"taxonomy":"rocnik","embeddable":true,"href":"https:\/\/lfs.cz\/en\/wp-json\/wp\/v2\/rocnik?post=7647"}],"curies":[{"name":"wp","href":"https:\/\/api.w.org\/{rel}","templated":true}]}}

Jan Jendřejek: Karel Reisz – Čech v zahraničí?
