{"id":7405,"date":"2024-10-30T14:16:21","date_gmt":"2024-10-30T13:16:21","guid":{"rendered":"https:\/\/lfs.cz\/?post_type=nova-realita&#038;p=7405"},"modified":"2024-10-30T15:54:11","modified_gmt":"2024-10-30T14:54:11","slug":"co-muze-zmenit-jednotlivec-v-case-klimaticke-zmeny","status":"publish","type":"nova-realita","link":"https:\/\/lfs.cz\/en\/nova-realita\/co-muze-zmenit-jednotlivec-v-case-klimaticke-zmeny\/","title":{"rendered":"Co m\u016f\u017ee zm\u011bnit jednotlivec v\u00a0\u010dase klimatick\u00e9 zm\u011bny?"},"content":{"rendered":"","protected":false},"featured_media":7442,"template":"","rocnik":[38],"class_list":["post-7405","nova-realita","type-nova-realita","status-publish","has-post-thumbnail","hentry","rocnik-38"],"_links":{"self":[{"href":"https:\/\/lfs.cz\/en\/wp-json\/wp\/v2\/nova-realita\/7405","targetHints":{"allow":["GET"]}}],"collection":[{"href":"https:\/\/lfs.cz\/en\/wp-json\/wp\/v2\/nova-realita"}],"about":[{"href":"https:\/\/lfs.cz\/en\/wp-json\/wp\/v2\/types\/nova-realita"}],"wp:featuredmedia":[{"embeddable":true,"href":"https:\/\/lfs.cz\/en\/wp-json\/wp\/v2\/media\/7442"}],"wp:attachment":[{"href":"https:\/\/lfs.cz\/en\/wp-json\/wp\/v2\/media?parent=7405"}],"wp:term":[{"taxonomy":"rocnik","embeddable":true,"href":"https:\/\/lfs.cz\/en\/wp-json\/wp\/v2\/rocnik?post=7405"}],"curies":[{"name":"wp","href":"https:\/\/api.w.org\/{rel}","templated":true}]}}

Co může změnit jednotlivec v čase klimatické změny?
